 is the remainder when 74747 is divided by 41?
4
Calculate the remainder when 17149038 is divided by 39.
36
What is the remainder when 1015224845 is divided by 16?
13
Calculate the remainder when 92944385 is divided by 2333.
2331
Calculate the remainder when 454744 is divided by 2566.
562
What is the remainder when 590378 is divided by 50?
28
What is the remainder when 70824084 is divided by 3091?
1
Calculate the remainder when 4035132 is divided by 76.
64
What is the remainder when 1067624 is divided by 25?
24
Calculate the remainder when 6683617 is divided by 1164.
1093
Calculate the remainder when 227950 is divided by 28390.
830
What is the remainder when 1011700 is divided by 167?
14
What is the remainder when 6619168 is divided by 52953?
43
Calculate the remainder when 5855766 is divided by 2114.
2100
What is the remainder when 412040 is divided by 412036?
4
What is the remainder when 644730189 is divided by 228?
225
What is the remainder when 1096676 is divided by 10858?
18
What is the remainder when 335511 is divided by 273?
267
What is the remainder when 1196926 is divided by 32?
30
Calculate the remainder when 3915431 is divided by 1330.
1241
Calculate the remainder when 105837 is divided by 20801.
1832
What is the remainder when 43263547 is divided by 552?
547
What is the remainder when 906424 is divided by 31246?
290
Calculate the remainder when 433661 is divided by 509.
502
Calculate the remainder when 3259582 is divided by 30.
22
What is the remainder when 2692124 is divided by 232?
228
Calculate the remainder when 11182203 is divided by 114104.
11
What is the remainder when 24482566 is divided by 37?
36
Calculate the remainder when 378863 is divided by 219.
212
What is the remainder when 2069811 is divided by 33918?
813
What is the remainder when 9692964 is divided by 3230966?
66
What is the remainder when 4020439 is divided by 1340129?
52
Calculate the remainder when 15410123 is divided by 2285.
83
Calculate the remainder when 306250 is divided by 463.
207
What is the remainder when 2475272 is divided by 806?
46
Calculate the remainder when 13870199 is divided by 719.
689
What is the remainder when 4222180 is divided by 299?
1
What is the remainder when 1043461 is divided by 2349?
505
Calculate the remainder when 3515222 is divided by 376.
374
What is the remainder when 69091 is divided by 115?
91
What is the remainder when 275405 is divided by 1106?
11
Calculate the remainder when 518438 is divided by 11769.
602
What is the remainder when 5407064 is divided by 10202?
4
What is the remainder when 1304352 is divided by 1008?
0
Calculate the remainder when 6930865 is divided by 3465345.
175
What is the remainder when 74136360 is divided by 7?
4
Calculate the remainder when 29674150 is divided by 4404.
4402
Calculate the remainder when 176919 is divided by 18.
15
What is the remainder when 9947321 is divided by 18?
17
Calculate the remainder when 86943 is divided by 126.
3
What is the remainder when 5008078 is divided by 211?
204
Calculate the remainder when 29873 is divided by 2591.
1372
Calculate the remainder when 6569523 is divided by 1071.
9
What is the remainder when 964522 is divided by 128?
42
Calculate the remainder when 671757 is divided by 74619.
186
Calculate the remainder when 911220 is divided by 51.
3
Calculate the remainder when 78233 is divided by 63.
50
What is the remainder when 1581480 is divided by 225904?
152
What is the remainder when 27387 is divided by 13673?
41
Calculate the remainder when 1650703 is divided by 660.
43
What is the remainder when 1407113794 is divided by 132?
130
What is the remainder when 2535283 is divided by 319?
190
What is the remainder when 2310367 is divided by 267?
16
What is the remainder when 126266993 is divided by 170?
3
Calculate the remainder when 759054 is divided by 2928.
702
Calculate the remainder when 767628 is divided by 767621.
7
What is the remainder when 638254 is divided by 947?
923
Calculate the remainder when 399123 is divided by 797.
623
Calculate the remainder when 2688032 is divided by 32383.
243
What is the remainder when 4101806 is divided by 781?
775
What is the remainder when 2964429 is divided by 95626?
23
Calculate the remainder when 265408402 is divided by 297.
292
What is the remainder when 152118 is divided by 2411?
225
Calculate the remainder when 12398195 is divided by 206636.
35
Calculate the remainder when 53554150 is divided by 87.
82
What is the remainder when 13939 is divided by 6528?
883
What is the remainder when 48814 is divided by 289?
262
What is the remainder when 4164373 is divided by 21803?
0
What is the remainder when 2887 is divided by 1709?
1178
Calculate the remainder when 1108252499 is divided by 1453.
1450
What is the remainder when 532674 is divided by 59182?
36
Calculate the remainder when 1068228 is divided by 93.
30
What is the remainder when 10772744 is divided by 58?
56
What is the remainder when 54970 is divided by 2591?
559
What is the remainder when 268377 is divided by 45?
42
Calculate the remainder when 440144 is divided by 114.
104
What is the remainder when 2833063 is divided by 308?
79
Calculate the remainder when 7056960 is divided by 270.
240
Calculate the remainder when 363982 is divided by 363975.
7
Calculate the remainder when 2338147 is divided by 1821.
1804
What is the remainder when 49854 is divided by 24284?
1286
What is the remainder when 73825695 is divided by 34?
33
What is the remainder when 273649637 is divided by 6081103?
2
Calculate the remainder when 14250153 is divided by 956.
17
Calculate the remainder when 212104 is divided by 15135.
214
What is the remainder when 6752369 is divided by 3376182?
5
Calculate the remainder when 14084563 is divided by 153.
148
Calculate the remainder when 48519 is divided by 12113.
67
Calculate the remainder when 4563 is divided by 2314.
2249
What is the remainder when 1551345 is divided by 517115?
0
Calculate the remainder when 1814229 is divided by 604731.
36
Calculate the remainder when 26640 is divided by 495.
405
What is the remainder when 16694099 is divided by 9?
8
Calculate the remainder when 1997272 is divided by 2190.
2182
What is the remainder when 2675144 is divided by 22?
10
What is the remainder when 225769406 is divided by 232?
230
Calculate the remainder when 45802176 is divided by 23.
22
What is the remainder when 3045767 is divided by 4295?
612
What is the remainder when 307148 is divided by 273?
23
Calculate the remainder when 6989532 is divided by 63.
60
What is the remainder when 4770229 is divided by 681461?
2
Calculate the remainder when 8365330 is divided by 222.
148
Calculate the remainder when 196059 is divided by 1077.
45
Calculate the remainder when 515142 is divided by 128735.
202
Calculate the remainder when 174559 is divided by 2726.
95
What is the remainder when 59641 is divided by 196?
57
What is the remainder when 4199737 is divided by 699899?
343
What is the remainder when 2746956 is divided by 3059?
3033
What is the remainder when 38445 is divided by 1588?
333
What is the remainder when 4106246 is divided by 69?
56
Calculate the remainder when 718132 is divided by 1821.
658
Calculate the remainder when 84796 is divided by 2355.
16
Calculate the remainder when 87477629 is divided by 866115.
14
What is the remainder when 7388233 is divided by 1231352?
121
Calculate the remainder when 152796 is divided by 1808.
924
Calculate the remainder when 665355 is divided by 241.
195
What is the remainder when 259300 is divided by 325?
275
What is the remainder when 33960329 is divided by 219?
218
Calculate the remainder when 227425 is divided by 265.
55
What is the remainder when 132463 is divided by 66190?
83
What is the remainder when 79915 is divided by 3875?
2415
What is the remainder when 5555590 is divided by 276?
262
Calculate the remainder when 8776373 is divided by 405.
23
Calculate the remainder when 24596265 is divided by 1801.
8
What is the remainder when 33953845 is divided by 79?
40
Calculate the remainder when 54570 is divided by 3769.
1804
Calculate the remainder when 14422840 is divided by 3605710.
0
Calculate the remainder when 8483544 is divided by 1060441.
16
Calculate the remainder when 902238 is divided by 84.
78
What is